{"id":29,"date":"2022-07-19T09:39:20","date_gmt":"2022-07-19T07:39:20","guid":{"rendered":"https:\/\/jornadaspsicologiaeducacion.umh.es\/?page_id=29"},"modified":"2022-09-14T16:03:46","modified_gmt":"2022-09-14T14:03:46","slug":"comites","status":"publish","type":"page","link":"https:\/\/jornadaspsicologiaeducacion.umh.es\/en\/comites\/","title":{"rendered":"Committees"},"content":{"rendered":"<p><span style=\"font-size: xx-large\"><b>THIS EVENT HAS BEEN CANCELLED. <\/b><\/span><span style=\"font-size: xx-large\"><b>SORRY FOR THE INCONVENIENCE.<\/b><\/span><\/p>\n<p><strong>HONOR COMMITTEE <a href=\"https:\/\/jornadaspsicologiaeducacion.umh.es\/comites\/\"><img loading=\"lazy\" class=\"alignnone wp-image-179 size-full\" src=\"https:\/\/jornadaspsicologiaeducacion.umh.es\/files\/2022\/08\/flag-es.png\" alt=\"\" width=\"18\" height=\"12\" \/><\/a> <a href=\"https:\/\/jornadaspsicologiaeducacion.umh.es\/ca\/comites\/\"><img loading=\"lazy\" class=\"alignnone wp-image-182 size-full\" src=\"https:\/\/jornadaspsicologiaeducacion.umh.es\/files\/2022\/08\/flag-ca.png\" alt=\"\" width=\"18\" height=\"12\" \/><\/a><\/strong><\/p>\n<p>Mr. Francisco Santolaya Ochando. President of the General Council of Psychology of Spain and Dean of the COP in the Valencian Generalitat.<\/p>\n<p>Ms. Pilar Calvo Pascual. Coordinator of the Division of Educational Psychology of the General Council of Psychology of Spain.<\/p>\n<p>Ms. Raquel Andr\u00e9s Gimeno. General Director of Educational Inclusion. Council of Education, Culture, and Sport. Valencian Generalitat.<\/p>\n<p>Mr. Domingo L. Orozco. Vice-Rector for Research. Miguel Hern\u00e1ndez University of Elche (UMH), SPAIN.<\/p>\n<p>Mr. Josep X. Barber. Associate Vice-Rector of Research for Research Evaluation. UMH, SPAIN.<\/p>\n<p>Ms. Mar\u00eda \u00c1ngeles Pastor Mira. Director of the Department of Behavioral Sciences and Health. UMH, SPAIN<\/p>\n<p>Mr. Daniel Lloret Irles. Assistant Director of the Department of Health Psychology, UMH, SPAIN.<\/p>\n<p><strong>\u00a0<\/strong><\/p>\n<p><strong>CHAIR OF THE SCIENTIFIC COMMITTEE<\/strong><\/p>\n<p>C\u00e1ndido J. Ingl\u00e9s, Ph.D. Professor of Educational Psychology. Area of Developmental and Educational Psychology. Department of Health Psychology. UMH, SPAIN.<\/p>\n<p>Mar\u00eda del Carmen Terol Cantero, Ph.D. Professor of Social Psychology. Director of the Community Intervention Research Group. Department of Behavioral and Health Sciences. UMH. SPAIN.<\/p>\n<p>Maite Mart\u00edn-Arag\u00f3n Gilabert, Ph.D. Professor of Social and Community Intervention. Community Intervention Research Group. Department of Behavioral and Health Sciences. UMH. SPAIN.<\/p>\n<p>&nbsp;<\/p>\n<p><strong>SCIENTIFIC COMMITTEE<\/strong><\/p>\n<p>Juan Pedro Mart\u00ednez Ram\u00f3n, Ph.D. Member of the Division of Educational Psychology of the COP-Spain, SPAIN.<\/p>\n<p>Juan Lu\u00eds Castej\u00f3n Costa, Ph.D. Professor of Educational Psycholoy. Dept. of Developmental and Didactic Psychology, University of Alicante. SPAIN.<\/p>\n<p>M\u00f3nica A\u00f1\u00f3n,\u00a0Head of the Educational Guidance Section of the General Directorate of Educational Inclusion of the Council of Education of the Valencian Generalitat (VG).<\/p>\n<p>Jes\u00fas Javier D\u00edaz Rico. President of the Spanish Association of Obese Persons (ASEPO) \u2013 National Association for Obese People and the Treatment of Obesity.<\/p>\n<p>Mar\u00eda Dolores Gil-Llario, Ph.D. Professor of Educational Psychology. Universitat de Val\u00e8ncia. Director of the SALUSEX Research Group. Valencia Section. SPAIN.<\/p>\n<p>Ara Mercedes Cerquera\u00a0C\u00f3rdoba, Ph.D. Dean of the School of Social Sciences. Bolivarian Pontifical University. COLOMBIA.<\/p>\n<p>Rafael Ballester. Ph.D. Professor of Personality, Psychological Evaluation, and Treatment. Universidat Jaume I of Castell\u00f2. Director of the SALUSEX Research Group. Castell\u00f3 Section. SPAIN.<\/p>\n<p>Jos\u00e9 Manuel Garc\u00eda-Fern\u00e1ndez, Ph.D. Professor of Educational Psychology. University of Alicante, Spain.<\/p>\n<p>Nieves Gomis, Ph.D. Council of Education. Valencian Generalitat. Associatte Professor of Educational Psychology. University of Alicante. SPAIN.<\/p>\n<p>Klaus Ranta Ph.D. Department of\u00a0Adolescent Psychiatry, Helsinki University Central Hospital. Professor of Adolescent Psychiatry in the Tampere University. FINLAND.<\/p>\n<p>Igor Esnaola, Ph.D. Professor of Educational Psychology. University of the Basque Country. SPAIN,<\/p>\n<p>\u00c1ngela Pilar Albarrac\u00edn Rodr\u00edguez,Ph.D. Director of the Faculty of Psychology. Bolivarian Pontifical University. COLOMBIA.<\/p>\n<p>M\u00aa Isabel G\u00f3mez-N\u00fa\u00f1ez, Ph.D. Assistant Professor of Educational Research. International University of La Rioja (UNIR). SPAIN.<\/p>\n<p>Jes\u00fas de la Fuente Arias, Ph.D. Professor of Educational Psychology. Area of Developmental and Educational Psychology. University of Navarre. SPAIN.<\/p>\n<p>Pablo Vallejo Medina, Ph.D. Editor of the Latin American Journal of Psychology. Professor of the Konrad Lorenz University Foundation. COLOMBIA.<\/p>\n<p>Vicente E. Caballo, Ph.D. Professor of Personality, Psychological Evaluation, and Treatment. University of Granada. SPAIN.<\/p>\n<p>Yolanda Quiles Marcos, Ph.D. Professor of Social Psychology. Director of the Eating Disorders Research Group. Department of Behavioral and Health Sciences. UMH. SPAIN.<\/p>\n<p>Raquel Sola S\u00e1nchez. Coordinator of the Romany Secretariat Foundation. Elche, Alicante. SPAIN.<\/p>\n<p>Jos\u00e9 Carlos N\u00fa\u00f1ez-P\u00e9rez Ph.D. Professor of Educational Psychology. Dean of the Faculty of Psychology of the University of Oviedo, SPAIN.<\/p>\n<p>Annette M. La Greca, Ph.D. Distinguished Professor of Psychology and Pediatrics. University of Miami. USA.<\/p>\n<p>Mercedes Santiago Lozano. Deputy Director of the Romany Secretariat Foundation Valencian Community. SPAIN.<\/p>\n<p><strong>\u00a0<\/strong><\/p>\n<p><strong>ORGANIZING COMMITTEE<\/strong><\/p>\n<p>C\u00e1ndido J. Ingl\u00e9s, Ph.D. Professor of Educational Psychology. UMH. SPAIN.<\/p>\n<p>Mar\u00eda del Carmen Terol Cantero, Ph.D. Professor of Social Psychology. UMH. SPAIN.<\/p>\n<p>Maite Mart\u00edn-Arag\u00f3n Gilabert, Ph.D. Professor of Social and Community Intervention. UMH. SPAIN.<\/p>\n<p>Josefa Adoraci\u00f3n Urb\u00e1n Agull\u00f3, M.A. University of Alicante, UA. SPAIN.<\/p>\n<p>&nbsp;<\/p>","protected":false},"excerpt":{"rendered":"<p>THIS EVENT HAS BEEN CANCELLED. SORRY FOR THE INCONVENIENCE.<br \/>\nHONOR COMMITTEE<br \/>\nMr. Francisco Santolaya Ochando. President of the General Council of Psychology of Spain and Dean of the COP in the Valencian Generalitat.<br \/>\nMs. Pilar Calvo Pascual. Coordinator of the Division of Educational Psychology of the General Council of Psychology of Spain.<br \/>\nMs. Raquel Andr\u00e9s Gimeno. General [&#8230;]<\/p>\n","protected":false},"author":704,"featured_media":0,"parent":0,"menu_order":0,"comment_status":"open","ping_status":"closed","template":"","meta":{"_links_to":"","_links_to_target":""},"_links":{"self":[{"href":"https:\/\/jornadaspsicologiaeducacion.umh.es\/en\/wp-json\/wp\/v2\/pages\/29"}],"collection":[{"href":"https:\/\/jornadaspsicologiaeducacion.umh.es\/en\/wp-json\/wp\/v2\/pages"}],"about":[{"href":"https:\/\/jornadaspsicologiaeducacion.umh.es\/en\/wp-json\/wp\/v2\/types\/page"}],"author":[{"embeddable":true,"href":"https:\/\/jornadaspsicologiaeducacion.umh.es\/en\/wp-json\/wp\/v2\/users\/704"}],"replies":[{"embeddable":true,"href":"https:\/\/jornadaspsicologiaeducacion.umh.es\/en\/wp-json\/wp\/v2\/comments?post=29"}],"version-history":[{"count":0,"href":"https:\/\/jornadaspsicologiaeducacion.umh.es\/en\/wp-json\/wp\/v2\/pages\/29\/revisions"}],"wp:attachment":[{"href":"https:\/\/jornadaspsicologiaeducacion.umh.es\/en\/wp-json\/wp\/v2\/media?parent=29"}],"curies":[{"name":"wp","href":"https:\/\/api.w.org\/{rel}","templated":true}]}}

<p><span style="font-size: xx-large"><b>THIS EVENT HAS BEEN CANCELLED. </b></span><span style="font-size: xx-large"><b>SORRY FOR THE INCONVENIENCE.</b></span></p>
<p><strong>HONOR COMMITTEE <a href="https://jornadaspsicologiaeducacion.umh.es/comites/"><img loading="lazy" class="alignnone wp-image-179 size-full" src="https://jornadaspsicologiaeducacion.umh.es/files/2022/08/flag-es.png" alt="" width="18" height="12" /></a> <a href="https://jornadaspsicologiaeducacion.umh.es/ca/comites/"><img loading="lazy" class="alignnone wp-image-182 size-full" src="https://jornadaspsicologiaeducacion.umh.es/files/2022/08/flag-ca.png" alt="" width="18" height="12" /></a></strong></p>
<p>Mr. Francisco Santolaya Ochando. President of the General Council of Psychology of Spain and Dean of the COP in the Valencian Generalitat.</p>
<p>Ms. Pilar Calvo Pascual. Coordinator of the Division of Educational Psychology of the General Council of Psychology of Spain.</p>
<p>Ms. Raquel Andrés Gimeno. General Director of Educational Inclusion. Council of Education, Culture, and Sport. Valencian Generalitat.</p>
<p>Mr. Domingo L. Orozco. Vice-Rector for Research. Miguel Hernández University of Elche (UMH), SPAIN.</p>
<p>Mr. Josep X. Barber. Associate Vice-Rector of Research for Research Evaluation. UMH, SPAIN.</p>
<p>Ms. María Ángeles Pastor Mira. Director of the Department of Behavioral Sciences and Health. UMH, SPAIN</p>
<p>Mr. Daniel Lloret Irles. Assistant Director of the Department of Health Psychology, UMH, SPAIN.</p>
<p><strong> </strong></p>
<p><strong>CHAIR OF THE SCIENTIFIC COMMITTEE</strong></p>
<p>Cándido J. Inglés, Ph.D. Professor of Educational Psychology. Area of Developmental and Educational Psychology. Department of Health Psychology. UMH, SPAIN.</p>
<p>María del Carmen Terol Cantero, Ph.D. Professor of Social Psychology. Director of the Community Intervention Research Group. Department of Behavioral and Health Sciences. UMH. SPAIN.</p>
<p>Maite Martín-Aragón Gilabert, Ph.D. Professor of Social and Community Intervention. Community Intervention Research Group. Department of Behavioral and Health Sciences. UMH. SPAIN.</p>
<p>&nbsp;</p>
<p><strong>SCIENTIFIC COMMITTEE</strong></p>
<p>Juan Pedro Martínez Ramón, Ph.D. Member of the Division of Educational Psychology of the COP-Spain, SPAIN.</p>
<p>Juan Luís Castejón Costa, Ph.D. Professor of Educational Psycholoy. Dept. of Developmental and Didactic Psychology, University of Alicante. SPAIN.</p>
<p>Mónica Añón, Head of the Educational Guidance Section of the General Directorate of Educational Inclusion of the Council of Education of the Valencian Generalitat (VG).</p>
<p>Jesús Javier Díaz Rico. President of the Spanish Association of Obese Persons (ASEPO) – National Association for Obese People and the Treatment of Obesity.</p>
<p>María Dolores Gil-Llario, Ph.D. Professor of Educational Psychology. Universitat de València. Director of the SALUSEX Research Group. Valencia Section. SPAIN.</p>
<p>Ara Mercedes Cerquera Córdoba, Ph.D. Dean of the School of Social Sciences. Bolivarian Pontifical University. COLOMBIA.</p>
<p>Rafael Ballester. Ph.D. Professor of Personality, Psychological Evaluation, and Treatment. Universidat Jaume I of Castellò. Director of the SALUSEX Research Group. Castelló Section. SPAIN.</p>
<p>José Manuel García-Fernández, Ph.D. Professor of Educational Psychology. University of Alicante, Spain.</p>
<p>Nieves Gomis, Ph.D. Council of Education. Valencian Generalitat. Associatte Professor of Educational Psychology. University of Alicante. SPAIN.</p>
<p>Klaus Ranta Ph.D. Department of Adolescent Psychiatry, Helsinki University Central Hospital. Professor of Adolescent Psychiatry in the Tampere University. FINLAND.</p>
<p>Igor Esnaola, Ph.D. Professor of Educational Psychology. University of the Basque Country. SPAIN,</p>
<p>Ángela Pilar Albarracín Rodríguez,Ph.D. Director of the Faculty of Psychology. Bolivarian Pontifical University. COLOMBIA.</p>
<p>Mª Isabel Gómez-Núñez, Ph.D. Assistant Professor of Educational Research. International University of La Rioja (UNIR). SPAIN.</p>
<p>Jesús de la Fuente Arias, Ph.D. Professor of Educational Psychology. Area of Developmental and Educational Psychology. University of Navarre. SPAIN.</p>
<p>Pablo Vallejo Medina, Ph.D. Editor of the Latin American Journal of Psychology. Professor of the Konrad Lorenz University Foundation. COLOMBIA.</p>
<p>Vicente E. Caballo, Ph.D. Professor of Personality, Psychological Evaluation, and Treatment. University of Granada. SPAIN.</p>
<p>Yolanda Quiles Marcos, Ph.D. Professor of Social Psychology. Director of the Eating Disorders Research Group. Department of Behavioral and Health Sciences. UMH. SPAIN.</p>
<p>Raquel Sola Sánchez. Coordinator of the Romany Secretariat Foundation. Elche, Alicante. SPAIN.</p>
<p>José Carlos Núñez-Pérez Ph.D. Professor of Educational Psychology. Dean of the Faculty of Psychology of the University of Oviedo, SPAIN.</p>
<p>Annette M. La Greca, Ph.D. Distinguished Professor of Psychology and Pediatrics. University of Miami. USA.</p>
<p>Mercedes Santiago Lozano. Deputy Director of the Romany Secretariat Foundation Valencian Community. SPAIN.</p>
<p><strong> </strong></p>
<p><strong>ORGANIZING COMMITTEE</strong></p>
<p>Cándido J. Inglés, Ph.D. Professor of Educational Psychology. UMH. SPAIN.</p>
<p>María del Carmen Terol Cantero, Ph.D. Professor of Social Psychology. UMH. SPAIN.</p>
<p>Maite Martín-Aragón Gilabert, Ph.D. Professor of Social and Community Intervention. UMH. SPAIN.</p>
<p>Josefa Adoración Urbán Agulló, M.A. University of Alicante, UA. SPAIN.</p>
<p>&nbsp;</p>

<p>THIS EVENT HAS BEEN CANCELLED. SORRY FOR THE INCONVENIENCE.<br />
HONOR COMMITTEE<br />
Mr. Francisco Santolaya Ochando. President of the General Council of Psychology of Spain and Dean of the COP in the Valencian Generalitat.<br />
Ms. Pilar Calvo Pascual. Coordinator of the Division of Educational Psychology of the General Council of Psychology of Spain.<br />
Ms. Raquel Andrés Gimeno. General [&#8230;]</p>
